ase 13?
2030591
Convert 201210021201 (base 4) to base 8.
41441141
Convert 916706 (base 10) to base 5.
213313311
What is -513410 (base 10) in base 14?
-d5162
What is -979ec (base 15) in base 10?
-481497
d60859 (base 15) to base 16
9b4be5
Convert -4435c (base 16) to base 7.
-2242354
Convert -24308 (base 10) to base 15.
-7308
-21892 (base 13) to base 5
-3421130
-1920299 (base 11) to base 6
-153401152
Convert -7bcafb (base 16) to base 11.
-4641376
-ed4c (base 16) to base 11
-41706
What is -123a4 (base 13) in base 12?
-17538
What is 32444032 (base 5) in base 3?
112021122200
1263544 (base 11) to base 7
24403426
Convert 12126225 (base 7) to base 10.
1082625
Convert 33336465 (base 8) to base 14.
d52d25
What is 2340003 (base 5) in base 13?
16827
c68443 (base 13) to base 14
88cbd3
Convert 676550 (base 8) to base 10.
228712
What is 1001211222 (base 4) in base 16?
4196a
Convert -100101001000001 (base 2) to base 16.
-4a41
2b740 (base 16) to base 6
3452000
Convert b9d421 (base 14) to base 11.
3612001
25534323 (base 6) to base 10
836907
What is 31370 (base 11) in base 14?
1291c
Convert 7460645 (base 8) to base 6.
110401541
Convert 68b3 (base 14) to base 11.
12736
What is -111015246 (base 7) in base 8?
-31461741
What is -2410212101 (base 5) in base 14?
-a480c2
1340403041 (base 5) to base 11
1a47374
Convert -2344433434 (base 5) to base 6.
-313110442
What is 22681a7 (base 11) in base 7?
45456503
-303ce2 (base 16) to base 9
-5847451
Convert -1220001101211 (base 3) to base 14.
-1c22b4
Convert 82631 (base 9) to base 8.
152274
Convert 114330300 (base 5) to base 12.
221ba7
11001100010011100111101 (base 2) to base 4
121202130331
4924104 (base 10) to base 16
4b22c8
What is 21c0 (base 16) in base 7?
34122
1862508 (base 9) to base 11
6541a4
-121405 (base 15) to base 7
-10231406
What is 20011001112 (base 4) in base 5?
1020231333
What is 24241142 (base 7) in base 12?
882922
What is -32333501 (base 6) in base 5?
-221224130
What is -7bc018 (base 16) in base 13?
-18ac5a2
10301223000 (base 4) to base 12
504680
2421002 (base 6) to base 3
20110112002
What is -868d1 (base 14) in base 9?
-545504
101172 (base 11) to base 16
27b16
What is -33433421 (base 5) in base 2?
-1001000010010101111
Convert -212033111 (base 4) to base 16.
-263d5
14257 (base 9) to base 10
9691
392828 (base 13) to base 8
5200704
Convert -27aa7 (base 11) to base 9.
-60682
Convert -1100001111001011111110 (base 2) to base 7.
-36160402
What is -1c098a (base 13) in base 12?
-2a61a4
Convert -1504231 (base 6) to base 16.
-151db
10110011011011110001101 (base 2) to base 10
5879693
Convert 2320343332 (base 5) to base 16.
500efd
Convert 224626 (base 8) to base 12.
38106
Convert -442002242 (base 5) to base 2.
-111010001011110001100
-1202403401 (base 5) to base 12
-b1bba1
What is 4349761 (base 12) in base 15?
11c9974
1101110101110101 (base 2) to base 8
156565
-120431435 (base 6) to base 5
-1040243423
Convert -143311450 (base 6) to base 7.
-34124253
-275a78 (base 12) to base 4
-2133122330
What is -89724c (base 13) in base 14?
-605cb4
Convert 3c7a3 (base 13) to base 12.
5572b
-1333515 (base 7) to base 13
-62496
Convert -1350534 (base 7) to base 4.
-230001321
What is 19b15 (base 15) in base 3?
11020112102
Convert -10000001010011000010 (base 2) to base 13.
-157098
-1691678 (base 11) to base 2
-1010111101000111100010
Convert bb953 (base 12) to base 4.
330222033
-1066367 (base 8) to base 4
-1012303313
What is -150547 (base 9) in base 2?
-10110100010001110
Convert -330ba (base 16) to base 13.
-74223
Convert -1232221 (base 5) to base 15.
-71e1
Convert -1000122122011220 (base 3) to base 5.
-12230233133
What is 5374636 (base 9) in base 10?
2883714
What is 171426 (base 8) in base 4?
33030112
What is -775a2 (base 11) in base 16?
-1b789
202002120210 (base 3) to base 16
60918
403042031 (base 5) to base 13
445a3b
6247e (base 16) to base 15
7e423
Convert 588511 (base 11) to base 6.
32002240
Convert -1666552 (base 7) to base 16.
-396e5
What is -10515140 (base 6) in base 7?
-2505411
Convert 335228 (base 11) to base 9.
1003456
What is -1241014413 (base 5) in base 12?
-1038bb1
What is 84aa9 (base 13) in base 7?
2014046
Convert 144be (base 16) to base 13.
2babc
Convert 561550 (base 7) to base 11.
68479
What is 72576aa (base 11) in base 15?
11ce74c
174859 (base 10) to base 5
21043414
Convert -69a195 (base 13) to base 5.
-1120211233
What is -2584ac (base 13) in base 4?
-3130221221
What is 1333300103 (base 4) in base 6?
15114335
32323000321 (base 4) to base 5
2000133422
14604460 (base 8) to base 10
3344688
What is -14545531 (base 6) in base 11?
-31a667
-302a9 (base 14) to base 4
-130101031
83262 (base 10) to base 3
11020012210
Convert 1220231 (base 5) to base 16.
5a97
11200200211 (base 3) to base 15
1c577
What is 101543 (base 6) in base 11?
6184
Convert -3141304 (base 6) to base 16.
-256a8
Convert 154163 (base 10) to base 12.
7526b
-e524c (base 15) to base 10
-726147
What is 20140535 (base 8) in base 7?
51033416
What is -156565540 (base 7) in base 16?
-a31947
94920 (base 11) to base 13
4aba1
Convert 1121302 (base 4) to base 13.
2800
Convert -246754 (base 9) to base 4.
-210131110
Convert 66565 (base 11) to base 15.
1d8dd
1330540 (base 6) to base 13
27942
fc1af (base 16) to base 6
34044355
What is -1022344430 (base 5) in base 7?
-24205206
Convert 1a8d3e (base 15) to base 2.
100111100010011111001
What is -51c3 (base 14) in base 8?
-33407
Convert 1001110001101101011000 (base 2) to base 10.
2562904
What is -142350606 (base 7) in base 4?
-203230123011
176162 (base 10) to base 9
287575
What is -1131313223 (base 5) in base 7?
-31064246
Convert 7fd00a (base 16) to base 2.
11111111101000000001010
Convert -43435 (base 14) to base 2.
-100111101110100111
-421101443 (base 6) to base 2
-11011111110010100100011
-2adeed (base 15) to base 7
-23420353
What is 76726407 (base 8) in base 3?
1011000222021122
-7245226 (base 9) to base 12
-13666b0
3033055 (base 6) to base 15
2cc5e
What is -2003232030 (base 4) in base 10?
-539532
What is 3453020 (base 7) in base 11?
27653a
-1444460 (base 7) to base 16
-2fdfb
-14b495 (base 13) to base 6
-14535234
Convert -120b3a6 (base 13) to base 11.
-3181011
What is -204521413 (base 6) in base 2?
-1101101011111001110001
Convert 12e528 (base 15) to base 12.
37a092
What is -451a9 (base 11) in base 5?
-4043314
What is -241210 (base 7) in base 2?
-1010101010010010
2247574 (base 9) to base 2
100101000000101111111
What is 74753 (base 9) in base 6?
1020550
-7841381 (base 9) to base 15
-58547d
Convert 994807 (base 12) to base 5.
1110343213
What is 45264 (base 9) in base 5?
1430414
1990651 (base 11) to base 14
63420b
3a33409 (base 11) to base 9
14107876
Convert -5e7ad8 (base 16) to base 13.
-138a40a
Convert 4d79ec (base 15) to base 5.
1423041442
What is -242b29 (base 14) in base 11?
-77540a
What is -100330111 (base 5) in base 10?
-401906
10013331202 (base 4) to base 7
12122101
What is 11398 (base 14) in base 3?
2010110012
-3447 (base 11) to base 6
-32544
What is 1311221 (base 4) in base 6?
54505
Convert 613570 (base 8) to base 3.
101021221022
What is -3101231201 (base 5) in base 3?
-102210202012122
What is -46911 (base 12) in base 13?
-340b7
What is -12b746 (base 12) in base 5?
-34412444
What is 151037 (base 9) in base 16?
169c9
What is 53020421 (base 7) in base 16?
444b1b
124240343 (base 5) to base 11
392531
Convert -7d64 (base 14) to base 2.
-101010101010100
Convert -10101111101101100011000 (base 2) to base 9.
-11745086
What is 6a0dab (base 14) in base 6?
205242323
-101228 (base 9) to base 15
-12b7b
127413 (base 10) to base 2
11111000110110101
-16424033 (base 8) to base 7
-44252552
Convert -4531ab (base 14) to base 2.
-1000111110001101010011
-231420302 (base 6) to base 7
-51242453
815690 (base 10) to base 5
202100230
What is -875a8c (base 13) in base 6?
-152120222
Convert -331104 (base 5) to base 12.
-6724
What is 101000000001111110111000 (base 2) in base 15?
dc4470
22a55e (base 16) to base 10
2270558
What is -110001101000100110010 (base 2) in base 16?
-18d132
What is -32d38 (base 16) in base 6?
-4243452
122907 (base 11) to base 3
100212020120
What is -246884 (base 14) in base 7?
-13413624
Convert 1542633 (base 7) to base 15.
42d7c
What is -12cd0 (base 14) in base 8?
-132546
1111010000100100111000 (base 2) to base 14
761a64
1000001010110110